+ 3*c = -19. Is (n - 2) + (15 - 0) a multiple of 5?
True
Let w = 17 - 9. Does 8 divide w?
True
Let v(n) = 6*n**2 - 1 - 7*n**2 + n + 2*n**2. Is v(-5) a multiple of 6?
False
Suppose -5*y + 191 = 3*p, 0 = -3*p - p + 3*y + 216. Suppose -8*l = -9*l + p. Does 16 divide l?
False
Suppose g = 5*q - 10, 5*q - 3*q = 4. Suppose g*c = 3*c - 180. Does 20 divide c?
True
Let c(y) = -5*y**3 + 10*y**2 - 13*y - 2. Let m(p) = 14*p**3 - 29*p**2 + 38*p + 6. Let w(s) = -17*c(s) - 6*m(s). Does 4 divide w(-5)?
True
Let j = 5 - 1. Suppose -2*i = -j*i + 14. Does 3 divide i?
False
Let g(w) = -w**3 - 3*w**2 - 2*w. Let q be g(-2). Suppose -4*s + 224 + q = 0. Is s a multiple of 13?
False
Is 18 a factor of -1 - (-210)/2*(-4)/(-5)?
False
Let v(q) = 3*q + 3 - 2 + 8. Let i be v(-7). Let z = -5 - i. Does 2 divide z?
False
Let o(w) = -w + 0*w**3 + w**3 + 6*w + 2 + 8*w**2. Is 26 a factor of o(-5)?
True
Let w(p) = p + 12. Suppose -c = 2*b - 7*b + 14, 0 = -5*c - 4*b - 41. Let d be w(c). Is ((-40)/(-12))/(1/d) a multiple of 3?
False
Let j be 28/3 - 2/(-3). Let i(w) = -w**2 + 11*w - 3. Is 2 a factor of i(j)?
False
Suppose -2*g - 2*q - 15 = -5*g, -3*g - 2*q = -3. Let c(u) = -u**3 + 5*u**2 - 5*u + 3. Let i be c(g). Suppose i = 3*r - r. Is r a multiple of 2?
False
Let o(x) = -x**3 + 5*x**2 - x - 4. Let g be o(4). Let f(j) = j**3 - 7*j**2 - 2*j - 8. Does 11 divide f(g)?
False
Let a = -7 + 2. Let d be 0/(1 + a + 2). Suppose -4*v = 5*z - 95, 2*v + 2*z = -d*v + 46. Is 20 a factor of v?
True
Suppose t - 9 = -b, -5*t - 5*b + 40 = -b. Let w = t + 7. Does 11 divide w?
True
Does 15 divide (6*8/18)/(6/117)?
False
Suppose 3 - 8 = 3*z + 4*g, 4*g = 5*z - 45. Suppose 0 = -j - 5*x + 13, 3*j + z*x = 51 + 18. Does 14 divide j?
True
Let o = 1 - -9. Suppose -l = -0*u + u - o, -u - 4 = 0. Is 10 a factor of l?
False
Let o = 32 - -10. Does 14 divide o?
True
Let l(p) = -p**2 + 17*p - 18. Let b be l(13). Suppose r - 22 = 4*x, 2*x = -6*r + 4*r + b. Is 5 a factor of r?
False
Let t(b) = -3*b**2 + 10 - 5*b**2 - b**3 + 6*b - 14*b. Is t(-7) a multiple of 6?
False
Let y = 8 + -9. Does 2 divide 5 + (-1 - -1)/y?
False
Let q(d) = -d**2 + 5*d + 7. Let s(p) = p**3 - p + 1. Let b be s(2). Let n be q(b). Let c(o) = o**3 + 8*o**2 + 3*o - 5. Is 14 a factor of c(n)?
False
Suppose 0 = -3*p + 4*c + 323, -3*p + 2*c + 30 = -283. Suppose -4*i + 1 = -4*w - 3, 4*i - 6 = 3*w. Suppose -98 = -5*n + w*t, -4*n - t = n - p. Does 10 divide n?
True
Let t = 18 - 6. Does 6 divide t?
True
Suppose 9 = 3*p - 0. Suppose -p*n = -3 - 57. Is 20 a factor of n?
True
Suppose 9*g - 80 = 4*g. Let m = g + -3. Is 13 a factor of m?
True
Let p(f) = 18*f**2 + 5*f - 6. Is 12 a factor of p(3)?
False
Let j(q) = 5*q**2 - q**2 - 4 + q**2 - 11*q - 6*q**2. Is j(-9) a multiple of 5?
False
Let c = 84 + -55. Is 24 a factor of c?
False
Let b(y) = y**3. Let t be b(-1). Let s(u) = -3*u**3 + u**2 - 1. Let q be s(t). Suppose 0 = -i - 2*i + 4*z + 44, q*i = -5*z + 53. Is 8 a factor of i?
True
Suppose 3*c - 2*w - 71 = 33, 3*c - 3*w = 108. Is c a multiple of 16?
True
Let d = 13 - -26. Suppose d = 4*w - 53. Does 10 divide w?
False
Is (4 + -2)/(((-24)/(-27))/4) a multiple of 3?
True
Let i(q) = 8*q**3 + 8*q**2 + 3*q + 1. Let n(z) = 3*z**3 + 3*z**2 + z. Let a(v) = 4*i(v) - 11*n(v). Is a(0) a multiple of 4?
True
Suppose 0 = -m - 0*m. Suppose -8 - 49 = -3*a - 3*u, m = u + 2. Is a a multiple of 20?
False
Let z(c) = c**3 - c**2 - 2*c. Does 8 divide z(3)?
False
Let c = 145 + -79. Is c a multiple of 10?
False
Let m(b) = b**2 - 13*b + 12. Let h be m(12). Suppose h = 3*p + 3, s - 20 = p + 32. Is 17 a factor of s?
True
Let t(n) = -5*n**2 + 4*n + 1. Let s(d) = 4*d**2 - 3*d - 1. Let p(y) = -4*s(y) - 3*t(y). Let o(x) be the first derivative of p(x). Is 2 a factor of o(-1)?
True
Let s = -292 - -531. Let n = -134 + s. Suppose -80 = -5*h + n. Is h a multiple of 22?
False
Let x = 136 + 14. Is x a multiple of 15?
True
Let g(f) be the first derivative of -4*f**2 - f + 3. Let r be (-2)/4*(0 - -4). Is g(r) a multiple of 10?
False
Suppose 3*t = 169 + 221. Suppose -4*m + t + 46 = 0. Is m a multiple of 14?
False
Let s = -37 + 20. Let a(k) = -3*k - 25. Is a(s) a multiple of 13?
True
Let n(y) = -y**2 - 6*y - 5. Let a be n(-5). Let u be (4/10)/((-1)/(-60)). Suppose -2*f - 17 = -3*v + u, a = 5*v + 3*f - 62. Is 5 a factor of v?
False
Suppose 4*h = -i + 4*i + 233, -5*h + 3*i + 295 = 0. Is h a multiple of 31?
True
Let o be 1/3*1*165. Let q = o - 28. Does 11 divide q?
False
Let d(u) = -u**3 - 7*u**2 + 9*u + 8. Let x be d(-8). Suppose -2*q + 44 = -2*f - x, -8 = -2*f. Does 6 divide q?
False
Suppose -125 + 29 = -2*p. Let v = p + -31. Is v a multiple of 8?
False
Let b(n) = -6*n - 3. Let q(u) = -5*u - 3. Let i(t) = -4*b(t) + 5*q(t). Is i(-6) even?
False
Let w be (5 - 2)/(9/(-6)). Does 8 divide 2/w + 19 + -2?
True
Let v(w) = w**3 + 12*w**2 + 12*w + 12. Let l be v(-11). Suppose -5*r + 9 = -l. Suppose 8 = 2*y - r. Is y even?
False
Let m be 2375/4 - 2/(-8). Is (-6)/14 - m/(-14) a multiple of 11?
False
Let x(v) = -29*v + 1. Let i be x(-3). Suppose -20 = -4*n - 5*c, -6*c = -3*c. Suppose -2*d + 0*d + b = -44, 4*d = n*b + i. Is d a multiple of 8?
False
Let f = -2 + 8. Suppose -4*r - 2 = -14. Suppose 0 = -f*p + r*p + 75. Is 14 a factor of p?
False
Suppose -5*u + 16 = 1. Suppose 0 = -4*r + u*r + 7. Is 13 a factor of 184/r - (-2)/(-7)?
True
Is 20 a factor of (-1)/(2/(-36)) + 2?
True
Suppose -3*h = -19 + 4. Suppose 4*j + 2*d + 8 + 48 = 0, 4*j + 50 = -h*d. Is -2*(j/2 + 0) a multiple of 15?
True
Suppose -136 = -2*c - 2*j - 3*j, -53 = -c + 5*j. Suppose 23 = d + 5*g, c = -5*d - 5*g + 198. Is 8 a factor of d?
False
Suppose 0 = 2*s + 5*l + 3, -3*s + 4*l = 5*l - 15. Let h = -4 + s. Suppose 12 = m + x - 1, 0 = h*m + x - 21. Does 8 divide m?
True
Let y be (-272)/(-8) - -1*1. Suppose -3*z + y = -7. Does 14 divide z?
True
Suppose 3*j - 8 = -2*x - 0, 0 = -3*x + 12. Suppose -3*b = -4*h + 81, 2*h - 4*b = -j*b + 28. Suppose 7 = n - h. Is n a multiple of 15?
False
Let i = 87 + -59. Suppose -2*b + i = 6. Suppose c - 26 = -5*r - b, 4*c - 26 = -3*r. Is c a multiple of 3?
False
Suppose 0 = -3*y - r + 148 + 97, -4*y + 329 = -r. Is y a multiple of 17?
False
Let j(n) = n**3 + 12*n**2 - 5*n - 9. Is 17 a factor of j(-12)?
True
Let r(k) = k**3 - 9*k**2 + k + 3. Let t be r(9). Let n = 30 - t. Let v = n - 10. Is v a multiple of 6?
False
Let w(n) = -30*n**2. Let f be w(1). Let h = f - -56. Suppose -5*y + 14 + h = 0. Does 4 divide y?
True
Suppose -3*f + f + 8 = 0. Suppose 0 = -c - s - f + 17, 11 = c + 3*s. Does 7 divide c?
True
Suppose 3*c = 4*g - 151 + 40, -136 = -5*g + c. Is 27 a factor of g?
True
Let o(k) = -k**3 + 11*k**2 + 21. Is o(11) a multiple of 11?
False
Let i(p) = -p**2 + 19*p - 24. Is i(16) a multiple of 13?
False
Let z(k) = -k - 2. Let j be z(-3). Let i = -3 - -1. Is 7 a factor of i - (-14 + -1 - j)?
True
Let z(s) = 5*s - 3. Is z(2) a multiple of 2?
False
Suppose -2*l + 238 = 2*o + 14, 5*l + 112 = o. Suppose -3*g = -7*g + o. Is g a multiple of 28?
True
Let a(v) = -v**3 - 5*v**2 - v + 3. Let q be a(-4). Let j be 1 + 0 + -1 + 31. Let c = q + j. Is 11 a factor of c?
True
Suppose 665 + 270 = 5*h. Is h a multiple of 25?
False
Suppose -3*j - 2*w = -0*j + 161, -3*j - 156 = 3*w. Let x = -27 - j. Does 10 divide x?
True
Let l(a) = 3*a - 15. Is l(25) a multiple of 15?
True
Suppose -112 - 23 = -3*l. Is l a multiple of 9?
True
Let x(m) be the first derivative of 5*m**2/2 - 5*m - 1. Let d be x(5). Suppose -c - 5*s - 5 = c, 3*c + 2*s = d. Is 4 a factor of c?
False
Suppose -2*y - 5*m = -43, -11 - 8 = -y - 5*m. Let s = -9 + y. Is s a multiple of 11?
False
Let p(i) = -25*i**3 - 2*i**2 - i. Is 7 a factor of p(-1)?
False
Does 4 divide 5*(2/(-3) - 174/(-45))?
True
Let z(v) = v - 11. Let j be z(5). Let q = 11 - j. Suppose -5*c = -5*b + 90, -2*b - c = -q - 19. Does 9 divide b?
True
Let p(d) = -d**3 - 7*d**2 + 5*d - 9. Let g be p(-8). Suppose 2*c - 3*c = -g. Is 9 a factor of c?
False
Suppose w - 64 = 3*w. Let g be 3*15 + 2/1. Let t = g + w. Is 7 a factor of t?
False
Let m(g) = g - 10*g**3 - g**2 + 1 + 4*g**3 - 15*g**3. Let l(i) = -i + 3. Let b be l(4). Does 20 divide m(b)?
True
Suppose -113 = -4*q - f, 0 = 4*q - 2*f - 77 - 21. Is q a multiple of 9?
True
Suppose 34 = 5*y - 161. Is 7 a factor of y?
False
Suppose -5*m = 3*t - 13 - 35, 12 = -3*t. Suppose m*y = 8*y + 56.